= o**2 + 2*o + 8. Let c(b) = -6*b - 14. Let s(d) = c(d) + g(d). Let i(f) = 6*f**3 + f**2 - f. Let t be i(1). Calculate s(t).
6
Suppose -81*g + 579 + 471 = -11*g. Let t(b) = 3*b**2 - 48*b + 16. What is t(g)?
-29
Let m(q) = -q**3 - 6*q**2 - 10*q - 42. Suppose 95 = 49*l - 68*l. Calculate m(l).
-17
Let w(k) = k**3 + 12*k**2 + 11*k - 7. Let b be w(-11). Suppose 4*i = -3*v + 164, 4*v - 2*i - 3*i - 167 = 0. Let z(p) = -28*p + 7 + v*p - 19*p. What is z(b)?
0
Let x(g) = 7*g - 6*g - 1 + 7*g - 2*g. Let f(c) be the second derivative of -c**5/20 - c**3/6 + c**2/2 + 14*c. Let v be f(0). Determine x(v).
5
Let j(d) = -3688*d - d**3 - 3722*d + 7412*d + 14*d**2 - 23. What is j(14)?
5
Let l(r) be the first derivative of r**4/4 - 4*r**3/3 - 2*r**2 + 28*r - 7055. Calculate l(3).
7
Let j(v) = v + 1. Let t(y) = -15*y - 1. Let b(w) = -30*w - 2. Let i(r) = 2*b(r) - 5*t(r). Let x be i(1). Let n = x + -12. Determine j(n).
5
Let k(p) = p**2 + 7*p + 7. Let g = 6377 - 6382. What is k(g)?
-3
Let n(v) = -2 - 4878*v**3 + 14653*v**3 - 4897*v**3 + 2*v**2 - 4876*v**3 - 2*v. Suppose -5*s - 13 = -3. Give n(s).
-6
Let n be (-84)/72 - 35/(-30). Let i(q) be the second derivative of n*q**2 + 1/12*q**4 + 7/6*q**3 + 6*q + 0. What is i(-7)?
0
Let w be 0 - 1/(6/(-24)). Let r(i) = -4*i**3 - 21*i**2 + 18*i - 12. Let o(n) = -n**3 - 7*n**2 + 6*n - 4. Let h(v) = -7*o(v) + 2*r(v). What is h(w)?
28
Let z(u) = u**3 - 19*u**2 + 19*u - 21. Suppose -2*n + 74 - 53 = -5*b, 0 = 3*n - 5*b - 39. Determine z(n).
-3
Let v(n) = 12*n**3 - 3*n**2 - n - 18*n**3 - 1 + 7*n**3 + 0. Let j be 2 - 3/(-2*(-12)/(-80)). Suppose 4*r = r + j. Determine v(r).
11
Let x(j) = -4*j**2 - 2*j + 6. Suppose -9*f + 2 = -3*r - 5*f, -3*r - f - 7 = 0. Let q be x(r). Let w(h) = h**3 + 4*h**2 - 5*h - 6. Give w(q).
-48
Suppose 5*z - 5 = -5*t, -328 = 2*t + 4*z - 324. Let r(n) = n**2 - 6*n. Let c(h) = h - 1. Let p(o) = 4*c(o) + r(o). What is p(t)?
4
Let r = -31327 + 31325. Let j(x) = 6*x - 3. Let v(q) = 1. Let c(z) = j(z) + 4*v(z). Determine c(r).
-11
Let h(o) = 11*o**3 + 35*o**2 + 7*o - 56. Let s(w) = -5*w**3 - 17*w**2 - 3*w + 23. Let b(f) = -6*h(f) - 13*s(f). Calculate b(11).
4
Let v(u) = -38*u - 33*u + 8*u**2 + 98*u - 21*u - 4. Determine v(-2).
16
Let h(r) = 2*r - r + 0*r. Let p be (-49)/(-14)*(-1 + 33/21). Let c be -1*33/(-7) - p/(-7). What is h(c)?
5
Let a(r) = -73 - 201 + 40 - 4*r + 6*r - 8*r. What is a(-38)?
-6
Let n(d) = d - 1. Let l(i) = -4*i + 12. Let o be -2*(-2)/8*2. Let t(j) = o*l(j) + 5*n(j). Let h(s) = -2*s**2 - 97*s + 250. Let z be h(-51). Give t(z).
2
Let s(v) = 6*v**3 + 2*v**2 - 1. Suppose 0 = -14*y + 10*y - 52. Let b be y/(819/(-14)) - 22/18. Calculate s(b).
-5
Suppose 6 = 5*i - 9. Suppose c + 28 = 4*k, 3*k + 140*c - 135*c - 21 = 0. Suppose i*j = k*j - 4. Let p(q) = -14*q**3. Determine p(j).
-14
Suppose -8*f + 8 = -4*f. Let z be 2 - (1 - f/2). Suppose -20 = -8*j + 3*j + 5*y, 18 = z*j + 3*y. Let g(a) = a - 12. Determine g(j).
-6
Let i = 64 - 61. Suppose -3*t + i + 3 = 0. Let m be (-9 + 7)*(-3 - -2)/t. Let g(l) = 6*l**2 + 1. Determine g(m).
7
Let a(w) = 17*w**3 - 149*w**2 - 12*w + 20. Let x(m) = 9*m**3 - 81*m**2 - 6*m + 10. Let p(j) = 7*a(j) - 13*x(j). Determine p(-6).
-26
Let h(a) = -a**3 + 8*a**2 + 16*a - 25. Let g be (80/6)/(1916/1437). Determine h(g).
-65
Let w(o) = o**3 - 5*o**2 + 2*o + 2. Let g = -1 - -29. Let l be 4 - 8/g - (-6)/21. Give w(l).
-6
Let h(b) be the second derivative of b**6/720 + 13*b**4/4 + 34*b. Let q(x) be the third derivative of h(x). Let w = -111 + 109. What is q(w)?
-2
Let g be -9*2 + (1 - 2). Let s(i) be the first derivative of i**3/3 + 19*i**2/2 - 7*i + 1914. Determine s(g).
-7
Let w be (6/(-35)*-7)/(81/30 - 3). Let l(g) = -g**3 + 2*g**2 + 2*g - 1. Let p be l(2). Let k(c) = -2*c**3 + 2*c**2 + 1 + 3 - 2*c - 1 + 3*c**p. What is k(w)?
-21
Let o(k) = -8*k**2 + 4*k - 1. Suppose -87*n + 82 = -5*n. Give o(n).
-5
Let r(u) be the first derivative of u**4/24 + 2*u**3/3 + u**2/2 + 7*u - 56. Let x(c) be the second derivative of r(c). Calculate x(-6).
-2
Let o be (-8)/(-10) - (234/30 - 4). Suppose -5*w + 37 = 4*i, 5*i + 5*w - 3*w = 25. Let m(n) = 8 - 7 + 0*n + i*n + 2. Calculate m(o).
-6
Let h = 6 + -3. Suppose -w + 30 = 2*n + w, 4*n = w + 45. Let b(p) = 0 + 2 - 3 - 14*p + n*p. Determine b(h).
-7
Suppose -4*g + 11 = -9. Let y(p) = 4*p - 16. Let l be y(g). Let m(x) = -5 - 3 - 32*x + l - x**3 + 33*x + 3*x**2. Give m(3).
-1
Let k(i) be the second derivative of i**6/120 - i**5/120 - 4*i**4/3 + 10*i. Let s(d) be the third derivative of k(d). Suppose -4*n = -8*n + 4. Calculate s(n).
5
Suppose -4*x - 17 = -3*f, 4*x - 3 = -2*f - 5. Suppose -3 = -c + 2*u, 0 = -2*c - f*u + u - 24. Let t(l) = 185*l - 2 - 186*l - 1. Calculate t(c).
4
Let z(s) be the second derivative of 19*s**2/2 + 172*s. Let d(l) = l + 4. Let y(w) = -5*d(w) + z(w). Let t = -4 + 3. Determine y(t).
4
Suppose -43*l - 50*l - 17 + 203 = 0. Let z(b) = -4*b - 4. Determine z(l).
-12
Suppose -5*l = 31 + 29. Let u(m) = 558835*m + 0*m**3 + m**3 + m**2 - 17 + 24 - 558848*m + 10*m**2. Calculate u(l).
19
Let r(k) = -63*k**3 + 3*k**2 - 123*k + 28*k**3 + 34*k**3 + 58*k + 62*k. Determine r(4).
-28
Suppose -4*f = -s + 31, 36*s = 41*s - 2*f - 119. Let j(r) = -r**3 + 23*r**2 - 22. What is j(s)?
-22
Let f(x) = x**3 - 7*x**2 - 4*x - 122. Let j be f(9). Let q be (5/(-4))/((-4)/16). Let a(d) = 2*d**2 + q + 2*d**2 - 5*d - 3*d**2. What is a(j)?
1
Let a be (-6 + 4)/(9/(-9)). Let j(y) = -5*y**a + 9*y**2 + 4 + y**3 - 12*y**2 + 2*y**2. Give j(6).
4
Let x(y) = y**3 - y**2 - 2*y. Let b(t) = -t**3 - 6*t**2 - 13*t - 12. Let n be b(-4). Suppose -n = 5*u + 7. Determine x(u).
-30
Let w(z) = -474*z - 19 + 239*z + 228*z - 113. Calculate w(-19).
1
Suppose 417 = 6*w + 435. Let m be ((-9)/w)/((-16)/48). Let h(u) = u**2 + 4*u - 9. Give h(m).
36
Let n(o) = -o**2 + 4*o + 2. Let u be n(0). Let g(h) = -3*h**2 + 6. What is g(u)?
-6
Let u(z) = -65*z + 3. Let j be u(0). Let y(f) = f**2 - 3*f + 3. What is y(j)?
3
Suppose -44 + 41 = -s. Let c = 0 + s. Suppose 3*v + c*v = 0. Let t(i) = -i**3 + i - 1. Determine t(v).
-1
Let y(k) = 52*k - 761. Let s be y(15). Let h(v) = -v - 32. What is h(s)?
-51
Let j(g) = g - 3. Suppose 125 = 4*c + v, -2*v + 0*v + 26 = c. Suppose 11*r - c = 12. Calculate j(r).
1
Let t be 13/(312/126)*24/9. Suppose 75 = t*o - 9. Let r(c) = -c**2 + 5*c - 7. Calculate r(o).
-13
Let g be (27675/(-492))/(2*(-3)/16). Let r = -151 + g. Let b(u) = -17*u + 1. What is b(r)?
18
Let y be 422/5 + 39/65. Let i be (-2)/(-17) - (320/y)/(-2). Let d(p) = -5*p + 1. Calculate d(i).
-9
Let b(f) = -f - 2. Let x be b(-7). Let l(u) = 7*u**2 - 14*u + 18. Let j be l(4). Let y(p) = 7 + 7*p - 71*p**2 + j*p**2 - p**3 - 14. Give y(x).
-22
Let a(d) be the first derivative of 2*d**4 - 2*d**3/3 - 3*d**2/2 - 2*d - 633. Give a(-1).
-9
Let l(h) be the first derivative of 1/3*h**3 + 0*h - 63 - 4*h**2. What is l(8)?
0
Let v(u) be the second derivative of -17*u**5/20 - u**4/12 - u**3/6 - 814*u. What is v(-1)?
17
Let u(z) = z**3 + 2*z - 3. Suppose -76 = -4*b - 60. Suppose -j - 15 = 5*k, -2*k - 3*j - 2 - b = 0. Determine u(k).
-36
Let o(h) = h**3 - 14*h**2 + 10*h - 665. Let q be o(16). Let u(t) = -t**2 + t - 7. Calculate u(q).
-49
Let a(x) = -2*x**2 + 14*x - 10. Let u be a(6). Suppose 0 = -3*q - c + 6, 0 = -5*q + u*q - 5*c + 18. Let f(n) = n**3 + n - 1. Calculate f(q).
1
Let k(d) = 5335 - 10623 + 34*d + 5306. Let s(a) = 12*a + 6. Let g(i) = 4*k(i) - 11*s(i). Determine g(-3).
-6
Let f(c) = -10*c**2 + c - 1. Let d be f(1). Let n(o) = 16*o**2 - 8*o**2 - 6 - 9 - 9*o**2 - 11*o. Give n(d).
-5
Let h be (-59 - -66)/((-1)/2). Let d(g) = -2. Let y(q) = q**2 + 15*q + 14. Let x(w) = -2*d(w) - y(w). Calculate x(h).
4
Let l(w) be the third derivative of -w**5/60 + 3*w**4/8 - 17*w**3/6 - 19275*w**2. Suppose 2*j = 3*p + 10, 25 = j + 4*j + 2*p. What is l(j)?
3
Let v = 119 + -220. Let h = v + 106. Suppose -h*n + 13 = -7. Let p(g) = -g**2 + 5*g + 1. Calculate p(n).
5
Let k be 7*6/42*3. Let t(l) = 158 + l**2 - 161 - 4*l - k*l. Calculate t(5).
-13
Let w(t) = 5*t - 14. Let z(i) = -19*i + 49. Let k(o) = -14*w(o) - 4*z(o). Let x(n) = n**3 - 7*n**2 + 5*n + 5. Let j be x(6). What is k(j)?
-6
Suppose -26 = 42*n - 40*n - 3*r, 0 = -2*n - 4*r - 40. Let o(l) = l**3 + 22*l**2 + 94*l - 38. What is o(n)?
-6
Let d(y) be the second derivative of -y + 2/3*y